 + 3360452. Calculate x(-24).
-52
Let x(m) = 196*m - 9638. Give x(48).
-230
Let o(u) = u**3 - 1088*u**2 + 79705*u + 6053. Calculate o(1009).
-1
Let i(b) = -6*b**2 + 11882*b - 1422600. Give i(128).
-8
Let h(z) = z**2 - 264*z - 3567. Calculate h(278).
325
Let s(y) = 65973*y + 198435. Calculate s(-3).
516
Let h(r) = -285*r - 70338. Determine h(-247).
57
Let k(o) = 20701*o + 165632. Calculate k(-8).
24
Let t(g) = g**2 - 965*g - 13. Determine t(0).
-13
Let a(x) = 6*x**3 - 51*x**2 + 420*x - 853. Determine a(3).
110
Let z(i) = 18177*i + 345394. Calculate z(-19).
31
Let b(y) = 794*y**3 + 2*y**2 + 177*y - 176. Give b(1).
797
Let c(g) = -4*g**2 - 1739*g - 62847. What is c(-395)?
-42
Let a(f) = -16*f**2 + 3745*f - 26218. Determine a(7).
-787
Let f(v) = -9*v**2 + 3327*v + 128831. Give f(405).
41
Let t(b) = -338*b + 7884. Give t(26).
-904
Let x(d) = -d**3 + 31*d**2 + 3612*d - 2462. Determine x(-47).
76
Let v(w) = -48*w**2 + 131*w - 142. Calculate v(3).
-181
Let l(g) = g**2 - 29*g - 24842. Calculate l(173).
70
Let x(g) = -20*g**2 - 5419*g + 27874. What is x(-276)?
-2
Let u(o) = o**3 - 33*o**2 + 615*o - 23979. Calculate u(35).
-4
Let l(d) = -d**2 + 87*d + 100246. Give l(363).
58
Let f(l) = -22152*l - 310200. Give f(-14).
-72
Let i(h) = h**3 + 89*h**2 + 355*h + 8347. Give i(-86).
5
Let z(r) = 180168*r + 16034941. What is z(-89)?
-11
Let p(f) = -45539*f**2 + 136609*f + 6. Give p(3).
-18
Let o(d) = -42443*d - 25126262. Calculate o(-592).
-6
Let q(s) = -3534*s - 137833. Give q(-39).
-7
Let c(i) = 122546*i - 613160. Calculate c(5).
-430
Let t(r) = r**3 - 68*r**2 - 557*r + 2251. Calculate t(75).
-149
Let o(m) = -7077*m - 7607770. Calculate o(-1075).
5
Let n(x) = x**3 + 73*x**2 + 87*x + 966. What is n(-72)?
-114
Let o(l) = -20*l**2 + 1609*l - 764. Give o(80).
-44
Let x(b) = -525*b**2 + 4542*b - 2733. Give x(8).
3
Let a(y) = -4701*y + 141042. Give a(30).
12
Let l(q) = 2599*q + 2669. Give l(-1).
70
Let u(r) = 7*r**2 - 138*r - 19574. Calculate u(-44).
50
Let y(p) = 3*p**3 - 49*p**2 + 16*p - 6517. Give y(21).
-7
Let k(a) = -10*a**3 - 56*a**2 - 169*a - 6. Determine k(-4).
414
Let f(m) = 208*m**2 - 4112*m - 951. Determine f(20).
9
Let b(m) = -498*m**2 + 222*m - 14. Calculate b(2).
-1562
Let f(k) = 3816534*k - 3816544. What is f(1)?
-10
Let f(k) = -9289*k - 993943. Give f(-107).
-20
Let d(y) = y**3 + 68*y**2 - 285*y + 363. Determine d(-71).
5475
Let z(f) = 15*f**2 - 366*f - 1873. Give z(-5).
332
Let z(g) = 82469*g + 68201854. Calculate z(-827).
-9
Let u(b) = b**2 - 3260*b + 2100407. Determine u(884).
23
Let q(w) = 2*w**3 - 8*w**2 - 728*w + 3537. What is q(5)?
-53
Let z(f) = 745*f - 26592. Determine z(36).
228
Let j(r) = -49281*r + 591363. Give j(12).
-9
Let r(o) = 102*o + 14086. What is r(-147)?
-908
Let l(y) = -y**3 + 263*y**2 - 2257*y - 7362. What is l(254)?
4
Let i(x) = x**3 + 85*x**2 + 242*x - 182. What is i(-82)?
146
Let w(o) = 1337*o + 61942. What is w(-46)?
440
Let v(u) = 14*u**2 - 12814*u + 454955. Calculate v(37).
3
Let a(t) = t**3 + 20*t**2 + 78*t - 66. Determine a(-12).
150
Let l(r) = 2*r**3 + 213*r**2 - 980*r - 70857. Calculate l(-108).
-9
Let h(o) = 8*o**2 + 835*o - 16072. Determine h(-121).
21
Let l(u) = u**3 + 8*u**2 - 132*u - 1017. Determine l(-9).
90
Let i(y) = -37*y**2 + 176*y + 20. What is i(8)?
-940
Let o(c) = 9*c**3 - 19*c**2 + 22*c + 16. Determine o(2).
56
Let q(p) = 4264*p + 72534. Determine q(-17).
46
Let r(j) = 7*j**2 - 2004*j - 8129. Give r(-4).
-1
Let z(p) = p**2 - 52296*p + 3499336. What is z(67)?
-7
Let h(z) = -6*z**2 - 31*z + 63. Determine h(2).
-23
Let d(v) = -2*v**3 + 1111*v**2 + 3979*v - 36891. Determine d(559).
3
Let s(g) = -682*g**3 + 7*g**2 + 74*g + 76. Calculate s(-1).
691
Let m(u) = u**3 + 70*u**2 + 273*u - 109. Give m(-66).
-703
Let b(v) = 2*v**2 + 306*v + 3515. Calculate b(-140).
-125
Let m(q) = -q**3 + 15*q**2 - 215288*q + 3444860. Give m(16).
-4
Let j(x) = -3*x**3 + 22*x**2 - 23*x - 136. Calculate j(5).
-76
Let l(s) = -514*s**3 - 18*s**2 - 21*s + 39. Give l(1).
-514
Let f(v) = 1043*v**2 + 16713*v + 18. Determine f(-16).
-382
Let v(h) = -h**3 - 121*h**2 - 158*h - 4479. Determine v(-120).
81
Let k(r) = -205*r - 2065. What is k(-9)?
-220
Let z(b) = -b**3 - 99*b**2 + 208*b + 82. What is z(-101)?
-524
Let q(y) = 2942*y + 185343. Determine q(-63).
-3
Let n(s) = -s**3 - 58*s**2 - 1377*s - 70844. What is n(-56)?
-4
Let m(h) = 16754*h + 1826223. Calculate m(-109).
37
Let b(h) = -2*h**3 + 63*h**2 - 471*h + 40. Calculate b(12).
4
Let n(y) = 3387*y + 67746. Determine n(-20).
6
Let w(j) = -2*j**3 + 24*j**2 - 38*j - 65. What is w(3)?
-17
Let c(g) = -608*g + 24365. Determine c(41).
-563
Let a(s) = 10432*s + 114790. Determine a(-11).
38
Let w(m) = 2*m**2 + 2549*m - 10238. Give w(4).
-10
Let k(g) = -g**3 + 121*g**2 + 2356*g - 1438. Give k(138).
-58
Let g(t) = 35*t**2 - 436*t + 1362. Determine g(6).
6
Let m(j) = -7*j**2 - 77901*j + 1326354. Calculate m(17).
14
Let q(l) = -l**3 + 115*l**2 - 2554*l + 1. Calculate q(30).
-119
Let z(f) = -2*f**3 - 7*f**2 + 670*f + 2657. Give z(-4).
-7
Let d(s) = s**3 - 25*s**2 + 55*s - 771. What is d(17)?
-2148
Let y(j) = -24*j**3 - 175*j**2 + 172*j + 2. What is y(1)?
-25
Let w(i) = -i**2 + 5855*i + 206064. Determine w(-35).
-86
Let m(j) = -368*j**2 + 9940*j - 198. Give m(27).
-90
Let w(g) = -g**2 - 8734*g - 347787. Determine w(-40).
-27
Let q(b) = -b**3 + 118*b**2 - 2756*b + 68. Determine q(32).
-60
Let q(a) = 6*a**3 + 70*a**2 + 14960*a + 179781. Give q(-12).
-27
Let p(q) = 2*q**2 - 57305*q + 229165. Give p(4).
-23
Let g(a) = -a**3 + 83*a**2 + 3500*a + 20693. Determine g(115).
-7
Let l(z) = 13*z**2 + 4144*z - 34807. What is l(-327)?
182
Let v(d) = d**2 + 422*d - 253529. What is v(335)?
66
Let w(a) = -3091*a + 29942. What is w(12)?
-7150
Let i(x) = 2*x**3 - 2*x**2 - 108*x + 376. Give i(4).
40
Let h(y) = 14*y**2 - 1950*y - 15564. What is h(-8)?
932
Let w(l) = -9*l**2 + 1915*l + 83152. Determine w(-37).
-24
Let x(v) = 3*v**3 - 2*v**2 - 86938*v + 173877. Determine x(2).
17
Let o(d) = -23*d**2 - 163*d + 762. Give o(4).
-258
Let j(o) = 2*o**3 + 1321*o**2 - 16158*o + 66. Determine j(12).
-150
Let j(l) = l**3 - 327*l**2 + 762*l - 36387. Calculate j(325).
13
Let i(g) = 6438*g + 128753. Give i(-20).
-7
Let j(x) = -661*x - 356304. What is j(-539)?
-25
Let d(s) = s**3 - 38*s**2 - 32*s + 1246. Give d(38).
30
Let x(n) = n**3 - 18*n**2 - 25197*n - 498. Calculate x(168).
6
Let r(y) = -114*y**2 + 5263*y - 148. Give r(46).
726
Let c(k) = -3*k**3 + 2310*k**2 + 13968*k - 15. Determine c(-6).
-15
Let g(n) = 189885*n - 15950334. Give g(84).
6
Let h(p) = 2309*p**2 + 16178*p + 1. What is h(-7)?
-104
Let a(r) = 80*r**3 + 3*r**2 - 24*r + 54. Give a(2).
658
Let i(p) = 47*p**3 + 2491*p**2 + 163*p + 8644. Give i(-53).
5
Let r(i) = -i**3 + 10*i**2 + 682*i - 6140. Give r(9).
79
Let u(j) = 119*j**3 - j**2 + 298*j + 300. Give u(-1).
-118
Let z(w) = 147*w - 1773. Give z(19).
1020
Let x(i) = -3*i**2 - 40197*i + 442321. Give x(11).
-209
Let y(r) = 31*r**2 + 806*r + 1977. Determine y(-27).
2814
Let a(n) = n**2 - 1831*n - 107625. What is a(-57)?
-9
Let f(i) = -7*i**2 - 168*i + 8. Calculate f(-23).
169
Let y(x) = x**2 + 14696*x - 1867546. Determine y(126).
26
Let g(x) = 273080*x - 273084. Calculate g(1).
-4
Let c(a) = 5702*a**3 + 5*a**2 + 19*a - 21. Give c(1).
5705
Let l(z) = z**2 - 23441*z - 2094170. What is l(-89)?
0
Let d(a) = 3*a**3 - 792*a**2 + 27975*a - 126. Give d(42).
0
Let b(a) = 158154*a - 157910. Determine b(1).
244
Let o(j) = -j**3 - 26*j**2 - 104*j + 40. Calculate o(-21).
19
Let l(g) = 2*g**3 + 12*g**2 + 1132*g + 10664. Give l(-9).
-10
Let u(w) = -w**2 - 25560*w - 587356. Give u(-23).
-5
Let t(g) = -2*g**3 - 102*g**2 + 42*g - 3184. Determine t(-52).
40
Let i(p) = -6*p**2 + 476*p + 17292. Give i(-30).
-2388
Let i(t) = -t**2 - 136*t + 90935. Give i(241).
78
Let z(h) = 42*h**2 - 70*h + 54. Determine z(2).
82
Let h(w) = -2*w**2 + 878*w - 42131. What is h(55)?
109
Let k(x) = 2*x**2 + 3671*x - 11017. Give k(3).
14
Let d(a) = -a**3 + 139*a**2 - 3186*a - 494. Give d(110).
-54
Let v(k) = -108918*k + 653515. Determine v(6).
7
Let r(v) = v**2 - 130*v - 825. Give r(129).
-954
Let u(z) = 3*z**2 + 8144*z + 948920. What is u(-122)?
4
Let y(d) = -d**2 - 70*d - 44. Calculate y(-66).
220
Let d(t) = -4*t**2 - 687*t - 10921. Give d(-154).
13
Let t(z) = -15*z